**2 + g + 2. Let y be 3 + 1 - 2/2. Let j be p(y). Suppose o - 17 = -j*f, 2 = -4*o - 2*f + 16. What are the prime factors of o?
2
What are the prime factors of 3 + 3 + 3 - 1?
2
Let j(t) = -7*t - 1. Suppose -4*m = -m + 3. List the prime factors of j(m).
2, 3
Suppose -2*x + 130 = 4*c + 34, -c + 5 = 0. List the prime factors of x.
2, 19
Let t(j) be the first derivative of 1/4*j**4 - 1/3*j**3 + 3/2*j**2 - 2 - 2*j. What are the prime factors of t(2)?
2
Let p(u) = -u - 5. Let d be p(-9). Let a be -2 + d/(-2) + -2. Let j = a + 13. List the prime factors of j.
7
Let o(x) = -8*x - 4*x + 20 + 14*x. What are the prime factors of o(10)?
2, 5
Let h(k) = 18*k**2 - 88*k + 6. What are the prime factors of h(6)?
2, 3, 7
Suppose 2*n - 5 = -13. Let j(d) = 4*d**2 + 2*d + 11. Let l(r) = 3*r**2 + 3*r + 11. Let m(v) = n*j(v) + 5*l(v). List the prime factors of m(8).
3
Let m(g) = -g - 7 + 1 + 4*g. List the prime factors of m(4).
2, 3
Suppose -3*j + 3 = 162. What are the prime factors of 3/(3 - 6)*j?
53
Let m be (-8)/(-6)*-1*3. Let w be m + 2 + 1 + 2. List the prime factors of w*(-3)/(-6)*20.
2, 5
Suppose 12 = -8*n + 5*n. What are the prime factors of (-40 - 0)*n/10?
2
Let o = 5 + -6. Let b(c) = -3*c. List the prime factors of b(o).
3
Let j(w) = w**3 + 3*w**2 - 3*w + 4. Let m be j(-4). Suppose 2*t - 6 = -m*t. What are the prime factors of t?
3
Let t be 12/(-42) - (-108)/(-14). What are the prime factors of (-130)/t + 2/(-8)?
2
Let r(c) = 5*c - 5. Let y(n) = -n**3 + n - 1. Let z be y(-2). List the prime factors of r(z).
2, 5
Let u(y) = -2*y. Let v be u(1). What are the prime factors of -1*(-4 - (43 - v))?
7
Suppose -4*f - 4*g - 56 = 0, -4*f + 3*g - 35 = -0. Let r(z) = 4*z + 14. Let v be r(f). Let q = -18 - v. What are the prime factors of q?
2, 3
Suppose 0*i - i - 1 = 0. Let u(t) = 2*t**3 + 1 + 2*t - 14*t**3 - 2*t**3. List the prime factors of u(i).
13
Suppose 0 = 4*b + 3*l - 14, 3 = -2*b - 2*l + 11. Suppose -2*c + 2*v = -8, 3*c - b = c - v. List the prime factors of c.
2
Suppose -m + 2*s + 10 = 0, m + 3*m + 5*s = 1. Suppose 0 = 4*n - 16 - m. What are the prime factors of n?
5
Let m = 7 - 11. Let h be ((-8)/5)/(m/10). Let a = -1 + h. List the prime factors of a.
3
Suppose -6*n + n - 31 = -j, 233 = 5*j + n. What are the prime factors of j?
2, 23
Suppose 3*q + 15 = 0, 0 = -4*u - 2*q + 111 + 43. Suppose 0 = -5*i + 29 + u. What are the prime factors of i?
2, 7
Let m = -5 + 42. What are the prime factors of m?
37
Suppose 0 = -2*w - p + 67 + 60, -5*p - 197 = -3*w. Suppose w = 5*g - 3*g. What are the prime factors of g?
2
Let u be 6/5*30/12. Suppose -54 = -u*h + 75. What are the prime factors of h?
43
Let z(f) = -f**3 + 6*f**2 - f + 1. Let q be z(4). Suppose 3*d - q = 88. What are the prime factors of d?
3, 13
Suppose -326 = -5*x + 3*q, 5*q + 330 = x + 4*x. Suppose 0 = -l + 4, 4*t = -5*l + 12 + x. List the prime factors of t.
2, 7
Suppose 2*n + 10 = 0, 0*n + 2*n - 10 = -4*v. Let b(h) = -h**3 + 4*h**2 + 7*h - 6. List the prime factors of b(v).
2
Let o be (-3)/(1/5*-3). Suppose 5*w + 5 = 2*m, -3 + 8 = w. Suppose 0 = -o*b - 0*b + m. List the prime factors of b.
3
Let f(a) = 94*a**2 - 2*a + 1. List the prime factors of f(1).
3, 31
Suppose -2*v - 4 = -8. Let u = 5 - v. Let x = 0 + u. List the prime factors of x.
3
Suppose 2*l + 5*z = 5*l + 1, -3*l + 3*z = 9. Let s = 13 + l. List the prime factors of s.
2, 3
Let i(h) = -2*h + 19. Let s be i(0). Suppose 2*d + 0*d + 26 = 0. Let c = s + d. What are the prime factors of c?
2, 3
Suppose -2*f + 0*i - 2*i + 248 = 0, -2*f + 2*i + 268 = 0. What are the prime factors of f?
3, 43
Let r(a) = 17*a - 9. What are the prime factors of r(3)?
2, 3, 7
Suppose 6*j - 1848 = -6*j. List the prime factors of j.
2, 7, 11
Suppose 3*y = 5*q - 0*q - 35, 5*y = 4*q - 41. Suppose 8 = 4*s - q. Suppose w + 0*o + 3*o + s = 0, -o = -5*w + 65. What are the prime factors of w?
2, 3
Let s = -8 - -78. List the prime factors of s.
2, 5, 7
Suppose 2*h + 0*h - 184 = -4*x, 4*x = -4*h + 384. What are the prime factors of h?
2, 5
Let u be ((-28)/(-8) + -1)*(2 - 0). Let b(l) = l**2 - 7*l + 10. Let k(o) = 2*o**2 - 14*o + 19. Let x(i) = 5*b(i) - 3*k(i). What are the prime factors of x(u)?
3
Let k(v) = -2*v - 4. Let j be k(-4). Suppose s = -q, -2*q + j*s + 23 = -1. Suppose q*d - 3 = 5*y + 19, 5*d - 2*y = 36. List the prime factors of d.
2
Suppose -18*q + 870 = -13*q. List the prime factors of q.
2, 3, 29
Suppose -11*f + 1015 = -6*f. List the prime factors of f.
7, 29
Let t = 241 + -122. What are the prime factors of t?
7, 17
Suppose -3*p - 4*x = 7, 5*p + x - 1 = 10. Suppose p*s = -2*s. Suppose s = -4*m - 8, -m = -4*l + 30 - 4. What are the prime factors of l?
2, 3
Suppose -3*v = 4*m - 8, 2*v - 4 = -2*m - 2*v. Suppose -m*l + 18 = 2. What are the prime factors of 180/l + 2/(-4)?
2, 11
Let k(o) = o**2 - 5*o - 7. What are the prime factors of k(12)?
7, 11
Let k(h) = -11*h**2 + 0 - 10*h**3 + 9*h**3 - 2 - h. Suppose 5*x + 75 = -5*l, -x = -5*l + 14 - 65. What are the prime factors of k(l)?
3
List the prime factors of 2/7 - 476/(-49).
2, 5
Suppose -d - 16 = -3*d - 4*s, -2*d + s = -6. Let o be 2*(18/4)/3. Let q = o + d. What are the prime factors of q?
7
Let f = 12 - -37. Suppose f + 5 = 2*n. What are the prime factors of n?
3
Suppose -3*o - 4 = -2*o, -2*o = 5*d - 12. What are the prime factors of (12/3)/(d/18)?
2, 3
Suppose 5*f + 137 + 13 = 0. Let z = -14 - f. What are the prime factors of z?
2
Suppose m - 4*x = 130, -2*m + 415 = 2*m + 5*x. List the prime factors of m.
2, 5, 11
Suppose -k + 0*k = -c + 7, 4*c + 4*k = 44. What are the prime factors of c?
3
Let q = 56 - 24. List the prime factors of q.
2
Suppose 0*g + 3*g = 3*m - 99, 2*m - 71 = 3*g. Let b = m - 11. Suppose -2*k = -y - b, 4*y + 1 = -3. What are the prime factors of k?
2
Suppose 55 = -5*q + 3*s, q - 5*q - 2*s - 66 = 0. List the prime factors of 4/q + (-536)/(-14).
2, 19
Suppose 0 = 3*v + 2*v + 3*m - 451, -3*v - 2*m = -271. List the prime factors of v.
89
Suppose -u - 24 = -3*c - 4*u, 0 = -c + u - 2. Let f be (-111)/(-21) + (-2)/7. Let h = f - c. What are the prime factors of h?
2
Suppose 0 = -5*x - 3 - 12. What are the prime factors of (-2 - x/(-3)) + 7?
2
Let v be 1/(-1 + 3/2). Let b(z) = -z**3 - 6*z**2 - 8*z - 9. Let o be b(-5). What are the prime factors of v/4*4 + o?
2
Let i(j) = j**3 + 6*j**2 - 7*j + 1. Let k be i(-7). Let m = 3 - k. Suppose 2*n + a - 7 = 0, 5*a - 7 - m = 3*n. What are the prime factors of n?
2
Let x = 9 + -3. List the prime factors of x/(-12)*(-36)/2.
3
Let s(v) = 2*v**2 - 5*v + 1. Let m(o) = 3*o**2 - 11*o + 1. Let k(t) = 3*m(t) - 5*s(t). What are the prime factors of k(-7)?
5
Let h(p) = -p**2 + 9*p - 8. Let q be 5/10 + (-11)/(-2). List the prime factors of h(q).
2, 5
Let b(x) = 4*x**2 - 5*x**2 + 1 - 10*x + 18*x. Let k be b(8). Suppose -5*w + 14 = -k. List the prime factors of w.
3
Suppose d - 64 = -d. What are the prime factors of d?
2
What are the prime factors of 394/10 + (-9)/(-15)?
2, 5
Let t(o) = 7*o**2 - 2*o - 5. Let z(i) = -3*i**2 + i + 2. Suppose -10 = 2*l + 3*l. Let q(k) = l*t(k) - 5*z(k). List the prime factors of q(-2).
2, 3
Let l(v) = v**2 + 4*v + 3. Let j be l(-5). Let a = 25 - j. Suppose 5*z = -4*y + a, z = 1 - 4. What are the prime factors of y?
2
Suppose -2*q - q = 2*h - 8, h + 1 = q. Let g be 50/(-4) - q/(-4). What are the prime factors of (8/g)/(2/(-33))?
11
List the prime factors of 0/(-4) + 2 - -110.
2, 7
Let l(m) = m**3 + 3*m**2 - 6*m - 3. Let u be l(-4). Suppose -4*i = -u*i, 4*i + 35 = 5*b. List the prime factors of b.
7
Suppose -1 = -3*z + 296. List the prime factors of z.
3, 11
Let u(s) = -3*s - 4. Suppose 5*t = 2*z + 24, 5*z = -3*t - 2 + 4. Let n be z/(16/(-6))*-4. What are the prime factors of u(n)?
5
Suppose 2*a = -3*v + 195, 3*v - 4*a - 183 = 30. What are the prime factors of v?
67
Let r = 11 - 14. Let l = r - -15. What are the prime factors of l?
2, 3
Let g(q) = q**2 - 3*q - 2. Let d be g(5). List the prime factors of 202/d + 3/(-12).
5
Let d(t) = 54*t**2 - 5*t - 8. Let y(h) = -h**2 + h + 1. Let s(l) = -d(l) - 6*y(l). Let f be s(2). List the prime factors of f/(-9) - (-2)/(-6).
3, 7
Suppose 0 = 13*h - 7*h - 96. List the prime factors of h.
2
Let u(d) = d + 9 + 1 + d + 7. Let h(o) = 6*o + 52. Let a(c) = -3*h(c) + 8*u(c). List the prime factors of a(-14).
2
Let j = 6 + -1